
Calculate the remainder when 287 is divided by 19.
2
What is the remainder when 5277 is divided by 55?
52
Calculate the remainder when 1705 is divided by 114.
109
What is the remainder when 1697 is divided by 285?
272
Calculate the remainder when 380 is divided by 203.
177
What is the remainder when 245 is divided by 19?
17
What is the remainder when 1087 is divided by 541?
5
What is the remainder when 275 is divided by 23?
22
Calculate the remainder when 116 is divided by 36.
8
Calculate the remainder when 872 is divided by 25.
22
Calculate the remainder when 122 is divided by 16.
10
What is the remainder when 453 is divided by 148?
9
Calculate the remainder when 616 is divided by 606.
10
What is the remainder when 324 is divided by 105?
9
Calculate the remainder when 408 is divided by 353.
55
Calculate the remainder when 539 is divided by 20.
19
Calculate the remainder when 1511 is divided by 101.
97
Calculate the remainder when 749 is divided by 50.
49
Calculate the remainder when 559 is divided by 82.
67
Calculate the remainder when 348 is divided by 41.
20
Calculate the remainder when 494 is divided by 7.
4
Calculate the remainder when 3929 is divided by 207.
203
What is the remainder when 112 is divided by 20?
12
Calculate the remainder when 607 is divided by 191.
34
Calculate the remainder when 5087 is divided by 24.
23
Calculate the remainder when 1548 is divided by 516.
0
What is the remainder when 617 is divided by 380?
237
What is the remainder when 1565 is divided by 143?
135
Calculate the remainder when 226 is divided by 47.
38
Calculate the remainder when 583 is divided by 45.
43
What is the remainder when 6925 is divided by 14?
9
What is the remainder when 216 is divided by 45?
36
Calculate the remainder when 117 is divided by 21.
12
What is the remainder when 791 is divided by 66?
65
What is the remainder when 16553 is divided by 93?
92
Calculate the remainder when 717 is divided by 120.
117
What is the remainder when 277 is divided by 33?
13
What is the remainder when 1117 is divided by 56?
53
Calculate the remainder when 1555 is divided by 384.
19
Calculate the remainder when 2389 is divided by 54.
13
What is the remainder when 2824 is divided by 3?
1
Calculate the remainder when 2326 is divided by 47.
23
What is the remainder when 241 is divided by 11?
10
Calculate the remainder when 610 is divided by 28.
22
What is the remainder when 429 is divided by 9?
6
What is the remainder when 957 is divided by 340?
277
Calculate the remainder when 1480 is divided by 370.
0
What is the remainder when 544 is divided by 540?
4
What is the remainder when 28 is divided by 9?
1
What is the remainder when 1063 is divided by 13?
10
Calculate the remainder when 3053 is divided by 19.
13
What is the remainder when 544 is divided by 9?
4
What is the remainder when 34 is divided by 4?
2
Calculate the remainder when 844 is divided by 11.
8
What is the remainder when 1295 is divided by 18?
17
Calculate the remainder when 158 is divided by 144.
14
Calculate the remainder when 176 is divided by 9.
5
What is the remainder when 1326 is divided by 11?
6
What is the remainder when 139 is divided by 71?
68
Calculate the remainder when 3023 is divided by 1005.
8
What is the remainder when 179 is divided by 5?
4
What is the remainder when 1222 is divided by 249?
226
Calculate the remainder when 101 is divided by 11.
2
Calculate the remainder when 9432 is divided by 53.
51
What is the remainder when 400 is divided by 54?
22
What is the remainder when 5987 is divided by 16?
3
Calculate the remainder when 556 is divided by 137.
8
What is the remainder when 2117 is divided by 106?
103
Calculate the remainder when 250 is divided by 17.
12
Calculate the remainder when 568 is divided by 53.
38
What is the remainder when 194 is divided by 66?
62
What is the remainder when 462 is divided by 153?
3
Calculate the remainder when 14739 is divided by 189.
186
Calculate the remainder when 328 is divided by 101.
25
Calculate the remainder when 482 is divided by 42.
20
Calculate the remainder when 314 is divided by 63.
62
What is the remainder when 1005 is divided by 12?
9
Calculate the remainder when 607 is divided by 203.
201
Calculate the remainder when 66 is divided by 35.
31
What is the remainder when 154 is divided by 125?
29
Calculate the remainder when 223 is divided by 151.
72
Calculate the remainder when 406 is divided by 41.
37
What is the remainder when 185 is divided by 79?
27
Calculate the remainder when 775 is divided by 67.
38
What is the remainder when 47 is divided by 8?
7
What is the remainder when 66 is divided by 33?
0
What is the remainder when 49 is divided by 33?
16
What is the remainder when 566 is divided by 503?
63
What is the remainder when 201 is divided by 14?
5
What is the remainder when 4 is divided by 3?
1
What is the remainder when 2879 is divided by 12?
11
What is the remainder when 146 is divided by 21?
20
Calculate the remainder when 435 is divided by 154.
127
Calculate the remainder when 82 is divided by 69.
13
Calculate the remainder when 127 is divided by 22.
17
Calculate the remainder when 180 is divided by 14.
12
Calculate the remainder when 82 is divided by 21.
19
Calculate the remainder when 220 is divided by 100.
20
What is the remainder when 788 is divided by 12?
8
Calculate the remainder when 306 is divided by 77.
75
Calculate the remainder when 120 is divided by 41.
38
Calculate the remainder when 883 is divided by 293.
4
Calculate the remainder when 14815 is divided by 11.
9
What is the remainder when 503 is divided by 85?
78
Calculate the remainder when 167 is divided by 104.
63
What is the remainder when 2944 is divided by 229?
196
Calculate the remainder when 129 is divided by 33.
30
Calculate the remainder when 14208 is divided by 98.
96
What is the remainder when 45 is divided by 45?
0
What is the remainder when 1874 is divided by 21?
5
Calculate the remainder when 593 is divided by 27.
26
What is the remainder when 255 is divided by 32?
31
What is the remainder when 694 is divided by 275?
144
Calculate the remainder when 33 is divided by 22.
11
What is the remainder when 125 is divided by 21?
20
Calculate the remainder when 1918 is divided by 41.
32
What is the remainder when 285 is divided by 70?
5
Calculate the remainder when 120 is divided by 40.
0
Calculate the remainder when 233 is divided by 109.
15
What is the remainder when 741 is divided by 149?
145
Calculate the remainder when 679 is divided by 3.
1
Calculate the remainder when 97 is divided by 21.
13
Calculate the remainder when 303 is divided by 17.
14
Calculate the remainder when 655 is divided by 82.
81
Calculate the remainder when 183 is divided by 38.
31
What is the remainder when 1578 is divided by 524?
6
Calculate the remainder when 75 is divided by 19.
18
What is the remainder when 41354 is divided by 49?
47
What is the remainder when 318 is divided by 11?
10
Calculate the remainder when 1475 is divided by 107.
84
What is the remainder when 124 is divided by 22?
14
Calculate the remainder when 1335 is divided by 333.
3
What is the remainder when 190 is divided by 39?
34
Calculate the remainder when 1425 is divided by 10.
5
Calculate the remainder when 3356 is divided by 35.
31
What is the remainder when 296 is divided by 148?
0
Calculate the remainder when 379 is divided by 118.
25
What is the remainder when 337 is divided by 17?
14
What is the remainder when 83 is divided by 35?
13
What is the remainder when 17948 is divided by 17?
13
Calculate the remainder when 956 is divided by 75.
56
Calculate the remainder when 2816 is divided by 47.
43
Calculate the remainder when 4270 is divided by 12.
10
What is the remainder when 1383 is divided by 38?
15
What is the remainder when 4850 is divided by 124?
14
Calculate the remainder when 913 is divided by 102.
97
What is the remainder when 25 is divided by 24?
1
Calculate the remainder when 5488 is divided by 323.
320
Calculate the remainder when 1590 is divided by 27.
24
What is the remainder when 985 is divided by 326?
7
What is the remainder when 922 is divided by 290?
52
What is the remainder when 78 is divided by 5?
3
Calculate the remainder when 12094 is divided by 12.
10
What is the remainder wh